{"id":13,"date":"2020-01-08T20:26:03","date_gmt":"2020-01-08T19:26:03","guid":{"rendered":"https:\/\/pape-martin.de\/?page_id=13"},"modified":"2025-05-28T20:12:05","modified_gmt":"2025-05-28T18:12:05","slug":"startseite","status":"publish","type":"page","link":"https:\/\/pape-martin.de\/","title":{"rendered":"Startseite"},"content":{"rendered":"\n<h2 class=\"wp-block-heading\">  <strong>Martin Pape<\/strong> <\/h2>\n\n\n\n<figure class=\"wp-block-table is-style-stripes\"><table><tbody><tr><td><strong>Biographie<\/strong><\/td><td>Staatl. gepr. Techniker<br>gelernter M\u00f6belschreiner<br>Jahrgang 1967<br>Verheiratet<br>2 Kinder<\/td><\/tr><tr><td>\n<strong>Politisches<br><\/strong><strong>Engagement<\/strong>\n<\/td><td>01.05.2020 Erster B\u00fcrgermeister Gemeinde Polling<br>1999 Mitglied des Gemeinderates Polling<br>2002 &#8211; 2020 Zweiter B\u00fcrgermeister<br>2022 Mitglied des Kreistages des Landkreises Weilheim-Schongau<br><br><strong>Parteipolitisch aktiv seit \u2026<\/strong><br>1980 Sch\u00fcler Union<br>1994 bis 1997 Gr\u00fcndungsvorstand der Jungen Union Polling<br>1995 Mitglied der CSU<br>1997 Mitglied des Kreisvorstands der CSU WM-SOG<br>1997 bis 1999 stellv. Ortsvorsitzender CSU PEO<br>1999 bis 2019 Ortsvorsitzender der CSU PEO<br>2019 stellv. Ortsvorsitzender der CSU PEO<\/td><\/tr><tr><td><strong>Ehrenamt seit<\/strong><\/td><td>1986 aktives Mitglied der FF Oderding<br>1993 stv. Kdt;<br>1996 &#8211; 2020 Kommandant der Freiwilligen Feuerwehr Oderding<br>2005 Luftbeobachter im Katastrophenschutz des Landkreises Weilheim-Schongau<br>2013 Vorstand des B\u00fcrgervereins Oderding e.V.<br>2014 Stiftungsrat Energiewende Oberland<br>2015 Pr\u00e4sident des Luftsportverein Weilheim-Pei\u00dfenberg e.V.<br>2021 Jagdvorstand JG Polling<br>2022 Stiftungsrat St. Dominikus Polling<br>2024 Vorstandsmitglied Hospizverein Pfaffenwinkel<br>2024 Vorsitzender F\u00f6rderverein \u201eZwei Hospize in Polling\u201c<br><br>Mitglied im SV-Polling, Musikverein, Trachtenverein, Heimatverein, MSC Polling, Veteranen- und Reservistenverein Polling, Krieger- und Soldatenverein Etting und allen Oderdinger Vereinen<br>Mitglied des EWO-Kompetenzzentrum Energie EKO e.V. <br><br>Ehrenamtlicher Standesbeamter der Gemeinde Polling<\/td><\/tr><tr><td><strong>Freizeit<\/strong><\/td><td>Familie, Segelfliegen, Radlfahren, Schwimmen, Gartenarbeit, aktives Dorfleben<\/td><\/tr><tr><td><strong>Themen<\/strong><\/td><td><strong>Leitlinie<\/strong><br>Kommunalpolitik als Herzenssache<br> \u201eStets gradlinig, \u00fcber den Tellerrand hinausschauend, um den <br>richtigen Schwung nach vorne zu bekommen!\u201c<br><br><strong>Motto<\/strong><br>\u201eKeine Parteipolitik im Gemeinderat, aber offenes Bekennen zur politischen Gesinnung.\u201c<\/td><\/tr><\/tbody><\/table><\/figure>\n","protected":false},"excerpt":{"rendered":"<p>Martin Pape Biographie Staatl. gepr. Technikergelernter M\u00f6belschreinerJahrgang 1967Verheiratet2 Kinder PolitischesEngagement 01.05.2020 Erster B\u00fcrgermeister Gemeinde Polling1999 Mitglied des Gemeinderates Polling2002 &#8211; 2020 Zweiter B\u00fcrgermeister2022 Mitglied des Kreistages des Landkreises Weilheim-Schongau Parteipolitisch aktiv seit \u20261980 Sch\u00fcler Union1994 bis 1997 Gr\u00fcndungsvorstand der Jungen Union Polling1995 Mitglied der CSU1997 Mitglied des Kreisvorstands der CSU WM-SOG1997 bis 1999 stellv. Ortsvorsitzender [&hellip;]<\/p>\n","protected":false},"author":1,"featured_media":0,"parent":0,"menu_order":0,"comment_status":"closed","ping_status":"closed","template":"","meta":{"footnotes":""},"class_list":["post-13","page","type-page","status-publish","hentry"],"_links":{"self":[{"href":"https:\/\/pape-martin.de\/index.php\/wp-json\/wp\/v2\/pages\/13","targetHints":{"allow":["GET"]}}],"collection":[{"href":"https:\/\/pape-martin.de\/index.php\/wp-json\/wp\/v2\/pages"}],"about":[{"href":"https:\/\/pape-martin.de\/index.php\/wp-json\/wp\/v2\/types\/page"}],"author":[{"embeddable":true,"href":"https:\/\/pape-martin.de\/index.php\/wp-json\/wp\/v2\/users\/1"}],"replies":[{"embeddable":true,"href":"https:\/\/pape-martin.de\/index.php\/wp-json\/wp\/v2\/comments?post=13"}],"version-history":[{"count":17,"href":"https:\/\/pape-martin.de\/index.php\/wp-json\/wp\/v2\/pages\/13\/revisions"}],"predecessor-version":[{"id":227,"href":"https:\/\/pape-martin.de\/index.php\/wp-json\/wp\/v2\/pages\/13\/revisions\/227"}],"wp:attachment":[{"href":"https:\/\/pape-martin.de\/index.php\/wp-json\/wp\/v2\/media?parent=13"}],"curies":[{"name":"wp","href":"https:\/\/api.w.org\/{rel}","templated":true}]}}